3 = -3*x - 3*d, -4*x = -3*d - h + 34. Let b = 207 - x. What are the prime factors of b?
2, 3, 7
Suppose 5*a - 6 = 3*a + 2*h, 2 = -2*h. Suppose a*l = l. Suppose l = -13*x + 15*x - 62. What are the prime factors of x?
31
List the prime factors of ((-3)/(-4))/(84/7818272).
2, 11, 19, 167
Let x(p) be the second derivative of p**4/4 + 5*p**3/6 + 47*p**2/2 - 25*p. What are the prime factors of x(10)?
397
Let o(j) = -538*j + 964. What are the prime factors of o(-17)?
2, 3, 5, 337
Suppose 4*f - 467209 = -5*p, -110*p = -106*p + 2*f - 373760. List the prime factors of p.
223, 419
Suppose 447*u - 250*u = 226*u - 446948. List the prime factors of u.
2, 3853
Let d(m) = -2*m**2 + 3*m - 1. Let f(h) = -5*h**2 - 21*h + 63. Let a(t) = d(t) - f(t). What are the prime factors of a(13)?
5, 151
Suppose 83*d - 604335 - 2629655 = -107*d. List the prime factors of d.
17021
Let w(y) = -y**3 + 7*y**2 - 6*y - 35. Let n be w(11). Let g = -324 - n. Let d = -141 + g. What are the prime factors of d?
2, 3, 5
Suppose 4*w - 5*w = 151. Let b(f) = f**3 - 2*f**2 - 20*f - 92. Let l be b(-4). Let g = l - w. What are the prime factors of g?
43
Let m(f) = 336*f - 2500. List the prime factors of m(13).
2, 467
Let z be 80/3*18/15. Let q(h) = h**3 - 30*h**2 - 41*h + 5. Let u be q(z). Suppose -4*v + j + u = 0, 2*v + 0*v + 5*j - 387 = 0. What are the prime factors of v?
2, 3, 31
Suppose 43*w - 41*w - 3*j - 38179 = 0, 8*w - 152726 = 2*j. What are the prime factors of w?
17, 1123
Let t be (0 - (2 - 3))/(4/(-144)). Let o be 584/9 + (-4)/t. Suppose o + 27 = 4*r. List the prime factors of r.
23
Suppose 2*l - 5 = -0*l - 5*u, 4*l - 31 = -3*u. Suppose -730 = -l*z + 70. What are the prime factors of z?
2, 5
Suppose 3*l = -m + 6388, m + 65*l - 61*l = 6384. List the prime factors of m.
2, 5
Suppose -5*k = 18 - 38. Suppose -2*s + k*s = 206. Suppose 7*g = 2*g - 4*w + 517, s = g + w. List the prime factors of g.
3, 5, 7
Suppose -10119 = -7*a + 11301. Suppose -5*x + 3825 = -4*d, -19*d + 16*d = -4*x + a. List the prime factors of x.
3, 5, 17
Let i(o) = -47*o + 9. Let g(b) = 47*b - 8. Suppose l + c + 0*c + 3 = 0, 0 = 2*l - 2*c + 2. Let a(s) = l*i(s) - 3*g(s). List the prime factors of a(-3).
3, 7
Let q = -203 + -1814. Let c = -775 - q. Suppose -7*p - 402 = -c. List the prime factors of p.
2, 3, 5
Let d(o) = -o**2 - o + 581. Let m be d(0). Suppose t = -r + 311, 3*t - m = 3*r + 376. List the prime factors of t.
3, 5, 7
Suppose -5*j + 5*r = -68955, -5*r + 55164 = -9*j + 13*j. List the prime factors of j.
3, 4597
Let y = -79 + 79. Suppose y = -4*u + 25 + 11. Suppose 2*v = -3*g + 318, -u*v - 12 = -5*v. What are the prime factors of g?
2, 3
Let c(a) = -26*a**3 - 11*a**2 - 39*a - 316. What are the prime factors of c(-6)?
2, 7, 367
Let l(z) = -z**2 - 44*z + 32. Let f = 210 - 230. What are the prime factors of l(f)?
2
Let z be 0 - 2 - (5 - (8 + 1)). Suppose z*l - 3*x = -2*x + 843, -l = -5*x - 408. What are the prime factors of l?
3, 47
Suppose -25*u + 561445 = -904787 + 388582. What are the prime factors of u?
2, 7, 3079
Let i(g) = -2*g - 23. Let b be i(-14). Suppose 568 + 112 = b*q. Suppose 278 = 5*c - n - q, -5*c + 390 = 5*n. List the prime factors of c.
2, 41
Let h be (-3256)/(-33) - ((-4)/(-6) - 0). Suppose 4*x - h = -r + 630, -889 = -5*x + 4*r. List the prime factors of x.
181
Let q(l) = 7*l**3 - 2*l**2 + 3*l - 2. Let a be q(1). Suppose -5*g + 4*r + 6190 = 0, -6220 = -5*g - a*r + 4*r. List the prime factors of g.
2, 3, 23
Suppose -29*z + 4*z - 443351 = -72*z. List the prime factors of z.
9433
Suppose -4*h - 4 = 0, 21*h - 26*h + 38707 = 3*o. List the prime factors of o.
2, 1613
Let a = 9183 + -6323. List the prime factors of a.
2, 5, 11, 13
Let k = -361 + 365. What are the prime factors of 95/38 + 2858/k?
3, 239
Suppose -i + 15*i = 3*i + 573892. List the prime factors of i.
2, 13043
Let w(j) = 36*j**2 + 2*j - 1. Let o be w(1). Let t = o - 35. Suppose -5*q + 3*l = -220 + 25, t*l = 0. List the prime factors of q.
3, 13
Let s(v) = v**3 + 13*v**2 + 7*v + 9. Suppose 11*r + 38 = -28. List the prime factors of s(r).
3, 73
Let l(b) = -6 - 15 + 5 + 14*b - 18*b. Let x be l(-6). List the prime factors of x/(4/(-2)) - -65.
61
List the prime factors of (-4)/(-12)*3624576/64.
2, 9439
Let j = -6454 + 14022. List the prime factors of j.
2, 11, 43
Let i = 239 - 239. Suppose -f + z + 282 = 0, 5*f + i*z + 4*z - 1374 = 0. List the prime factors of f.
2, 139
Suppose 17*u - 15*u - 120932 = -5*r, 0 = -4*u + 5*r + 241834. What are the prime factors of u?
103, 587
Let y = -76561 + 169832. What are the prime factors of y?
19, 4909
What are the prime factors of -1 + 0 + 177261/23?
2, 3853
Let d = 123 - 110. Suppose 0 = -15*q + d + 32. What are the prime factors of -5 + q + 5 - -256?
7, 37
Suppose -3*k = -0*k - 1561 - 7586. What are the prime factors of k?
3049
Let n = 68 + -17. Let y = n - 51. Suppose y = 9*d - 10*d + 68. What are the prime factors of d?
2, 17
Let r(c) = 2*c**2 - 6*c + 10. Let m be r(4). Suppose -23*d + 20 = -m*d. Suppose j = -2*u + 21 + 27, -d*j - 4*u = -200. What are the prime factors of j?
2, 13
Let s(f) = -56*f + 4500. List the prime factors of s(-44).
2, 1741
Let d be 134/(-10) - 2/(-5). List the prime factors of (-4)/(-22) - (184002/77)/d.
2, 23
Let z = 204 + -205. Let w(u) = 158*u**2 - 3*u. List the prime factors of w(z).
7, 23
Suppose 0 = 50*a - 43*a - 14. Suppose 4*f - a*f + 5*d = 945, f - 3*d = 489. List the prime factors of f.
2, 3, 5
Let w = -12660 + 20242. What are the prime factors of w?
2, 17, 223
Let r(v) = -v + 59. Let p be r(0). Let i = 67 - p. List the prime factors of (14/i + 0)/((-3)/(-156)).
7, 13
Let t be 99/(-6)*(56/21 - 2). Let o(f) = 2*f**3 + 28*f**2 + 10*f + 5. List the prime factors of o(t).
3, 23
Suppose 533 = -3*j - 9*x + 4*x, -3*x = j + 179. Let t = 105 - j. What are the prime factors of t?
281
What are the prime factors of 680/(-850)*(-1 + 101)*1086/(-5)?
2, 3, 181
Let h(i) = 2*i - 14. Let v be h(7). Suppose -r + 20 = 5*z + r, v = -z - r + 4. Suppose 2*p + 173 = 5*p - 4*g, -2*g = z*p - 238. List the prime factors of p.
59
Suppose 16253 = -3*v - u - 4*u, -2*v - 10818 = -u. List the prime factors of 2/5 - (v/35 - 0).
5, 31
Let m(l) = 336*l**2 + 4 + 30*l - 61*l + 27*l. Let y be m(1). Suppose 3*p - j = y, -91 - 357 = -4*p + 3*j. List the prime factors of p.
2, 7
Let n(q) = -q**3 - 24*q**2 - 3*q + 35. Let v = 37 - 34. Let t be 2/v + 1 + 462/(-18). What are the prime factors of n(t)?
107
Suppose 20207 = 4*l + q, -2*q - 8382 - 6787 = -3*l. List the prime factors of l.
31, 163
Suppose 4*b + 2*o - 6950 = 0, -2*b + 8*o + 3470 = 4*o. Suppose -2*l = -11*l + b. What are the prime factors of l?
193
Let q(f) = 5*f + 1. Let u(x) = 55*x - 18. Let o(h) = 3*q(h) - u(h). Suppose -5*j = -5*r + 2*r - 37, -2*r - 13 = -j. What are the prime factors of o(r)?
181
Let t = 67123 - 3203. What are the prime factors of t?
2, 5, 17, 47
Let b = 1 + 1. Suppose 133*h - 363 = 36. Suppose -3*u - h*d = -99, -d + 33 = u + b*d. What are the prime factors of u?
3, 11
Suppose 5 = 4*p + 3*w - 7, -5*p + 15 = 5*w. Suppose p*k = k. Suppose k = 17*a - 5*a - 744. What are the prime factors of a?
2, 31
Suppose 3*y - u = 16819, 39*y + 4*u = 38*y + 5628. List the prime factors of y.
2, 701
Let p(a) = 2*a**2 - 36*a + 11. Let v(x) = x**2 - x + 1. Let y(k) = -p(k) + 4*v(k). What are the prime factors of y(-29)?
3, 83
Let z = 1189 - 56. Suppose -373 = 4*a - z. Suppose 0 = -n - 5*g + 45, 0 = -0*n - 3*n - 4*g + a. List the prime factors of n.
2, 5, 7
Suppose 4*i - i = 483. Let m = 454 - i. Let n = m - 186. What are the prime factors of n?
107
Let b = 111 - 91. Let k be -1 + (-5)/(b/384)*-1. Let i = 251 - k. List the prime factors of i.
2, 3, 13
Let c = -44 + 64. Let z = 25 - c. Suppose 3*d - 11 - 29 = -o, 0 = -z*d - 15. What are the prime factors of o?
7
Let m(g) be the third derivative of -7*g**4/12 + 3*g**3/2 - 10*g**2. Let w be m(-21). Suppose -8*f = -11*f + w. List the prime factors of f.
101
Let j be ((-276)/30 - -8) + (-2)/(-10). Let i(y) = -480*y - 6. List the prime factors of i(j).
2, 3, 79
Let i(t) = -t**3 - 18*t**2 - 38*t + 84. What are the prime factors of i(-28)?
2, 3, 7, 107
Suppose 5*k = 2*j + 2*k + 9, 2*j - 6 = -2*k. Suppose f + f + 16 = j. Let q = f - -30. List the prime factors of q.
2, 11
List the prime factors of 1483164